{"id":1896,"date":"2025-09-05T11:30:56","date_gmt":"2025-09-05T09:30:56","guid":{"rendered":"https:\/\/www.jazzpresov.sk\/?page_id=1896"},"modified":"2025-09-05T11:35:37","modified_gmt":"2025-09-05T09:35:37","slug":"25jaykalo","status":"publish","type":"page","link":"https:\/\/www.jazzpresov.sk\/index.php\/25jaykalo\/","title":{"rendered":"JAY KALO CUBAN QUINTET \/CU, ES\/\u200b"},"content":{"rendered":"\t\t<div data-elementor-type=\"wp-page\" data-elementor-id=\"1896\" class=\"elementor elementor-1896\">\n\t\t\t\t\t\t<section class=\"elementor-section elementor-top-section elementor-element elementor-element-1a612a37 elementor-section-boxed elementor-section-height-default elementor-section-height-default\" data-id=\"1a612a37\" data-element_type=\"section\">\n\t\t\t\t\t\t<div class=\"elementor-container elementor-column-gap-default\">\n\t\t\t\t\t<div class=\"elementor-column elementor-col-100 elementor-top-column elementor-element elementor-element-1cd50abf\" data-id=\"1cd50abf\" data-element_type=\"column\">\n\t\t\t<div class=\"elementor-widget-wrap elementor-element-populated\">\n\t\t\t\t\t\t<div class=\"elementor-element elementor-element-6e48d103 elementor-widget elementor-widget-text-editor\" data-id=\"6e48d103\" data-element_type=\"widget\" data-widget_type=\"text-editor.default\">\n\t\t\t\t<div class=\"elementor-widget-container\">\n\t\t\t\t\t\t\t<p><!-- wp:paragraph --><\/p>\n<p>Piatok 24.10.2025, PKO &#8211; \u010cierny orol<\/p>\n<p><!-- \/wp:paragraph --><\/p>\n<p><!-- wp:paragraph --><\/p>\n<p>Jay Kalo, vlastn\u00fdm menom Jos\u00e9 Carlos S\u00e1nchez, sa narodil na Kube a svoju hudobn\u00fa kari\u00e9ru za\u010dal ako desa\u0165ro\u010dn\u00fd. U\u017e ako sedemn\u00e1s\u0165ro\u010dn\u00fd vystupoval v New Yorku spolu s Big Band Jazz at Lincoln Center Orchestra, kde sa zozn\u00e1mil s Wyntonom Marsalisom. Jeho kari\u00e9ra sa postupne hudobne rozv\u00edjala a jeho charakteristick\u00fd \u0161t\u00fdl, ktor\u00fd sp\u00e1ja muzik\u00e1lnos\u0165 s groovom, presn\u00fdm \u010dasovan\u00edm a v\u00fdraznou fr\u00e1zou na bic\u00edch, z neho rob\u00ed jedn\u00e9ho z najzauj\u00edmavej\u0161\u00edch nov\u00fdch buben\u00edkov na medzin\u00e1rodnej bubnovej sc\u00e9ne.<\/p>\n<p><!-- \/wp:paragraph --><\/p>\n<p><!-- wp:paragraph --><\/p>\n<p>Po ukon\u010den\u00ed \u0161t\u00fadi\u00ed za\u010dal hra\u0165 s mno\u017estvom umelcov na n\u00e1rodnej aj medzin\u00e1rodnej \u00farovni, ako napr\u00edklad Alain P\u00e9rez, Omara Portuondo, Maria del Mar Bonet a \u010fal\u0161\u00ed.<\/p>\n<p><!-- \/wp:paragraph --><\/p>\n<p><!-- wp:paragraph --><\/p>\n<p>Jeho nov\u00fd album \u201eCatedral\u201c obsahuje hudobn\u00fd jazyk jazzu ovplyvnen\u00fd afro-kub\u00e1nskymi kore\u0148mi, ako s\u00fa timba, rumba, son a \u010fal\u0161ie. Ide o rytmick\u00fa cestu, v ktorej dominuje f\u00fazia t\u00fdchto \u0161t\u00fdlov s d\u00e1vkou svie\u017eosti a pohybu. Cez tento album sa publikum JAZZ Pre\u0161ov bude m\u00f4c\u0165 aspo\u0148 na chv\u00ed\u013eu prenies\u0165 na slne\u010dn\u00fa Kubu.<\/p>\n<div class=\"wp-block-group\">\n<p><!-- \/wp:paragraph --><\/p>\n<\/div>\n<p><!-- \/wp:group --><\/p>\t\t\t\t\t\t<\/div>\n\t\t\t\t<\/div>\n\t\t\t\t\t<\/div>\n\t\t<\/div>\n\t\t\t\t\t<\/div>\n\t\t<\/section>\n\t\t\t\t<section class=\"elementor-section elementor-top-section elementor-element elementor-element-6df82b2 elementor-section-boxed elementor-section-height-default elementor-section-height-default\" data-id=\"6df82b2\" data-element_type=\"section\">\n\t\t\t\t\t\t<div class=\"elementor-container elementor-column-gap-default\">\n\t\t\t\t\t<div class=\"elementor-column elementor-col-100 elementor-top-column elementor-element elementor-element-0905125\" data-id=\"0905125\" data-element_type=\"column\">\n\t\t\t<div class=\"elementor-widget-wrap elementor-element-populated\">\n\t\t\t\t\t\t<div class=\"elementor-element elementor-element-3802da6 elementor-widget elementor-widget-video\" data-id=\"3802da6\" data-element_type=\"widget\" data-settings=\"{&quot;youtube_url&quot;:&quot;https:\\\/\\\/www.youtube.com\\\/watch?v=yVkmxKt7bz4&quot;,&quot;video_type&quot;:&quot;youtube&quot;,&quot;controls&quot;:&quot;yes&quot;}\" data-widget_type=\"video.default\">\n\t\t\t\t<div class=\"elementor-widget-container\">\n\t\t\t\t\t<div class=\"elementor-wrapper elementor-open-inline\">\n\t\t\t<div class=\"elementor-video\"><\/div>\t\t<\/div>\n\t\t\t\t<\/div>\n\t\t\t\t<\/div>\n\t\t\t\t\t<\/div>\n\t\t<\/div>\n\t\t\t\t\t<\/div>\n\t\t<\/section>\n\t\t\t\t<section class=\"elementor-section elementor-top-section elementor-element elementor-element-89cfae7 elementor-section-boxed elementor-section-height-default elementor-section-height-default\" data-id=\"89cfae7\" data-element_type=\"section\">\n\t\t\t\t\t\t<div class=\"elementor-container elementor-column-gap-default\">\n\t\t\t\t\t<div class=\"elementor-column elementor-col-100 elementor-top-column elementor-element elementor-element-a9e0fb4\" data-id=\"a9e0fb4\" data-element_type=\"column\">\n\t\t\t<div class=\"elementor-widget-wrap elementor-element-populated\">\n\t\t\t\t\t\t<div class=\"elementor-element elementor-element-ec98927 elementor-widget elementor-widget-image\" data-id=\"ec98927\" data-element_type=\"widget\" data-widget_type=\"image.default\">\n\t\t\t\t<div class=\"elementor-widget-container\">\n\t\t\t\t\t\t\t\t\t\t\t\t\t<img fetchpriority=\"high\" decoding=\"async\" width=\"2560\" height=\"1708\" src=\"https:\/\/www.jazzpresov.sk\/wp-content\/uploads\/2025\/09\/Jay-Kalo-3-scaled.jpg\" class=\"attachment-full size-full wp-image-1791\" alt=\"\" srcset=\"https:\/\/www.jazzpresov.sk\/wp-content\/uploads\/2025\/09\/Jay-Kalo-3-scaled.jpg 2560w, https:\/\/www.jazzpresov.sk\/wp-content\/uploads\/2025\/09\/Jay-Kalo-3-300x200.jpg 300w, https:\/\/www.jazzpresov.sk\/wp-content\/uploads\/2025\/09\/Jay-Kalo-3-1024x683.jpg 1024w, https:\/\/www.jazzpresov.sk\/wp-content\/uploads\/2025\/09\/Jay-Kalo-3-768x512.jpg 768w, https:\/\/www.jazzpresov.sk\/wp-content\/uploads\/2025\/09\/Jay-Kalo-3-1536x1025.jpg 1536w, https:\/\/www.jazzpresov.sk\/wp-content\/uploads\/2025\/09\/Jay-Kalo-3-2048x1367.jpg 2048w\" sizes=\"(max-width: 2560px) 100vw, 2560px\" \/>\t\t\t\t\t\t\t\t\t\t\t\t\t<\/div>\n\t\t\t\t<\/div>\n\t\t\t\t\t<\/div>\n\t\t<\/div>\n\t\t\t\t\t<\/div>\n\t\t<\/section>\n\t\t\t\t<\/div>\n\t\t","protected":false},"excerpt":{"rendered":"<p>Piatok 24.10.2025, PKO &#8211; \u010cierny orol Jay Kalo, vlastn\u00fdm menom Jos\u00e9 Carlos S\u00e1nchez, sa narodil na Kube a svoju hudobn\u00fa kari\u00e9ru za\u010dal ako desa\u0165ro\u010dn\u00fd. U\u017e ako sedemn\u00e1s\u0165ro\u010dn\u00fd vystupoval v New Yorku spolu s Big Band Jazz at Lincoln Center Orchestra, kde sa zozn\u00e1mil s Wyntonom Marsalisom. Jeho kari\u00e9ra sa postupne hudobne rozv\u00edjala a jeho charakteristick\u00fd [&hellip;]<\/p>\n","protected":false},"author":2,"featured_media":0,"parent":0,"menu_order":0,"comment_status":"closed","ping_status":"closed","template":"","meta":{"footnotes":""},"class_list":["post-1896","page","type-page","status-publish","hentry"],"_links":{"self":[{"href":"https:\/\/www.jazzpresov.sk\/index.php\/wp-json\/wp\/v2\/pages\/1896"}],"collection":[{"href":"https:\/\/www.jazzpresov.sk\/index.php\/wp-json\/wp\/v2\/pages"}],"about":[{"href":"https:\/\/www.jazzpresov.sk\/index.php\/wp-json\/wp\/v2\/types\/page"}],"author":[{"embeddable":true,"href":"https:\/\/www.jazzpresov.sk\/index.php\/wp-json\/wp\/v2\/users\/2"}],"replies":[{"embeddable":true,"href":"https:\/\/www.jazzpresov.sk\/index.php\/wp-json\/wp\/v2\/comments?post=1896"}],"version-history":[{"count":7,"href":"https:\/\/www.jazzpresov.sk\/index.php\/wp-json\/wp\/v2\/pages\/1896\/revisions"}],"predecessor-version":[{"id":1907,"href":"https:\/\/www.jazzpresov.sk\/index.php\/wp-json\/wp\/v2\/pages\/1896\/revisions\/1907"}],"wp:attachment":[{"href":"https:\/\/www.jazzpresov.sk\/index.php\/wp-json\/wp\/v2\/media?parent=1896"}],"curies":[{"name":"wp","href":"https:\/\/api.w.org\/{rel}","templated":true}]}}

<div data-elementor-type="wp-page" data-elementor-id="1896" class="elementor elementor-1896">
						<section class="elementor-section elementor-top-section elementor-element elementor-element-1a612a37 elementor-section-boxed elementor-section-height-default elementor-section-height-default" data-id="1a612a37" data-element_type="section">
						<div class="elementor-container elementor-column-gap-default">
					<div class="elementor-column elementor-col-100 elementor-top-column elementor-element elementor-element-1cd50abf" data-id="1cd50abf" data-element_type="column">
			<div class="elementor-widget-wrap elementor-element-populated">
						<div class="elementor-element elementor-element-6e48d103 elementor-widget elementor-widget-text-editor" data-id="6e48d103" data-element_type="widget" data-widget_type="text-editor.default">
				<div class="elementor-widget-container">
							<p><!-- wp:paragraph --></p>
<p>Piatok 24.10.2025, PKO &#8211; Čierny orol</p>
<p><!-- /wp:paragraph --></p>
<p><!-- wp:paragraph --></p>
<p>Jay Kalo, vlastným menom José Carlos Sánchez, sa narodil na Kube a svoju hudobnú kariéru začal ako desaťročný. Už ako sedemnásťročný vystupoval v New Yorku spolu s Big Band Jazz at Lincoln Center Orchestra, kde sa zoznámil s Wyntonom Marsalisom. Jeho kariéra sa postupne hudobne rozvíjala a jeho charakteristický štýl, ktorý spája muzikálnosť s groovom, presným časovaním a výraznou frázou na bicích, z neho robí jedného z najzaujímavejších nových bubeníkov na medzinárodnej bubnovej scéne.</p>
<p><!-- /wp:paragraph --></p>
<p><!-- wp:paragraph --></p>
<p>Po ukončení štúdií začal hrať s množstvom umelcov na národnej aj medzinárodnej úrovni, ako napríklad Alain Pérez, Omara Portuondo, Maria del Mar Bonet a ďalší.</p>
<p><!-- /wp:paragraph --></p>
<p><!-- wp:paragraph --></p>
<p>Jeho nový album „Catedral“ obsahuje hudobný jazyk jazzu ovplyvnený afro-kubánskymi koreňmi, ako sú timba, rumba, son a ďalšie. Ide o rytmickú cestu, v ktorej dominuje fúzia týchto štýlov s dávkou sviežosti a pohybu. Cez tento album sa publikum JAZZ Prešov bude môcť aspoň na chvíľu preniesť na slnečnú Kubu.</p>
<div class="wp-block-group">
<p><!-- /wp:paragraph --></p>
</div>
<p><!-- /wp:group --></p>						</div>
				</div>
					</div>
		</div>
					</div>
		</section>
				<section class="elementor-section elementor-top-section elementor-element elementor-element-6df82b2 elementor-section-boxed elementor-section-height-default elementor-section-height-default" data-id="6df82b2" data-element_type="section">
						<div class="elementor-container elementor-column-gap-default">
					<div class="elementor-column elementor-col-100 elementor-top-column elementor-element elementor-element-0905125" data-id="0905125" data-element_type="column">
			<div class="elementor-widget-wrap elementor-element-populated">
						<div class="elementor-element elementor-element-3802da6 elementor-widget elementor-widget-video" data-id="3802da6" data-element_type="widget" data-settings="{&quot;youtube_url&quot;:&quot;https:\/\/www.youtube.com\/watch?v=yVkmxKt7bz4&quot;,&quot;video_type&quot;:&quot;youtube&quot;,&quot;controls&quot;:&quot;yes&quot;}" data-widget_type="video.default">
				<div class="elementor-widget-container">
					<div class="elementor-wrapper elementor-open-inline">
			<div class="elementor-video"></div>		</div>
				</div>
				</div>
					</div>
		</div>
					</div>
		</section>
				<section class="elementor-section elementor-top-section elementor-element elementor-element-89cfae7 elementor-section-boxed elementor-section-height-default elementor-section-height-default" data-id="89cfae7" data-element_type="section">
						<div class="elementor-container elementor-column-gap-default">
					<div class="elementor-column elementor-col-100 elementor-top-column elementor-element elementor-element-a9e0fb4" data-id="a9e0fb4" data-element_type="column">
			<div class="elementor-widget-wrap elementor-element-populated">
						<div class="elementor-element elementor-element-ec98927 elementor-widget elementor-widget-image" data-id="ec98927" data-element_type="widget" data-widget_type="image.default">
				<div class="elementor-widget-container">
													<img fetchpriority="high" decoding="async" width="2560" height="1708" src="https://www.jazzpresov.sk/wp-content/uploads/2025/09/Jay-Kalo-3-scaled.jpg" class="attachment-full size-full wp-image-1791" alt="" srcset="https://www.jazzpresov.sk/wp-content/uploads/2025/09/Jay-Kalo-3-scaled.jpg 2560w, https://www.jazzpresov.sk/wp-content/uploads/2025/09/Jay-Kalo-3-300x200.jpg 300w, https://www.jazzpresov.sk/wp-content/uploads/2025/09/Jay-Kalo-3-1024x683.jpg 1024w, https://www.jazzpresov.sk/wp-content/uploads/2025/09/Jay-Kalo-3-768x512.jpg 768w, https://www.jazzpresov.sk/wp-content/uploads/2025/09/Jay-Kalo-3-1536x1025.jpg 1536w, https://www.jazzpresov.sk/wp-content/uploads/2025/09/Jay-Kalo-3-2048x1367.jpg 2048w" sizes="(max-width: 2560px) 100vw, 2560px" />													</div>
				</div>
					</div>
		</div>
					</div>
		</section>
				</div>

<p>Piatok 24.10.2025, PKO &#8211; Čierny orol Jay Kalo, vlastným menom José Carlos Sánchez, sa narodil na Kube a svoju hudobnú kariéru začal ako desaťročný. Už ako sedemnásťročný vystupoval v New Yorku spolu s Big Band Jazz at Lincoln Center Orchestra, kde sa zoznámil s Wyntonom Marsalisom. Jeho kariéra sa postupne hudobne rozvíjala a jeho charakteristický [&hellip;]</p>
