{"id":1836,"date":"2025-09-04T18:09:56","date_gmt":"2025-09-04T16:09:56","guid":{"rendered":"https:\/\/www.jazzpresov.sk\/?page_id=1836"},"modified":"2025-09-05T10:19:13","modified_gmt":"2025-09-05T08:19:13","slug":"25organicgeneration","status":"publish","type":"page","link":"https:\/\/www.jazzpresov.sk\/index.php\/25organicgeneration\/","title":{"rendered":"ORGANIC GENERATION \/PL\/"},"content":{"rendered":"\t\t<div data-elementor-type=\"wp-page\" data-elementor-id=\"1836\" class=\"elementor elementor-1836\">\n\t\t\t\t\t\t<section class=\"elementor-section elementor-top-section elementor-element elementor-element-41cd9774 elementor-section-boxed elementor-section-height-default elementor-section-height-default\" data-id=\"41cd9774\" data-element_type=\"section\">\n\t\t\t\t\t\t<div class=\"elementor-container elementor-column-gap-default\">\n\t\t\t\t\t<div class=\"elementor-column elementor-col-100 elementor-top-column elementor-element elementor-element-6096f11b\" data-id=\"6096f11b\" data-element_type=\"column\">\n\t\t\t<div class=\"elementor-widget-wrap elementor-element-populated\">\n\t\t\t\t\t\t<div class=\"elementor-element elementor-element-86a0997 elementor-widget elementor-widget-text-editor\" data-id=\"86a0997\" data-element_type=\"widget\" data-widget_type=\"text-editor.default\">\n\t\t\t\t<div class=\"elementor-widget-container\">\n\t\t\t\t\t\t\t<p><!-- wp:paragraph --><\/p>\n<p>\u0160tvrtok 23.10.2025, PKO \u2013 \u010cierny orol<\/p>\n<p>Organic Generation je energick\u00e9 organ trio, ktor\u00e9 na festivale predstav\u00ed album <em>\u201eOrganic Generation\u201c<\/em>. Ich hudba je origin\u00e1lnou zmesou autorsk\u00fdch kompoz\u00edci\u00ed a nieko\u013ek\u00fdch jazzov\u00fdch \u0161tandardov. Zvuk je funky, \u017eiv\u00fd a nabit\u00fd energiou, no z\u00e1rove\u0148 pripom\u00edna, \u017ee ich korene st\u00e1le patria k \u201eskuto\u010dnej\u201c, akustickej hudbe s n\u00e1dychom funky a swingov\u00fdch vplyvov.<\/p>\n<p><!-- \/wp:paragraph --><!-- wp:paragraph --><\/p>\n<p>Za bic\u00edmi stoj\u00ed Adam Czerwi\u0144ski \u2013 jeden z najv\u00fdraznej\u0161\u00edch buben\u00edkov po\u013eskej jazzovej sc\u00e9ny, skladate\u013e, aran\u017e\u00e9r a producent. Po\u010das svojej kari\u00e9ry hral a nahr\u00e1val s mnoh\u00fdmi svetov\u00fdmi osobnos\u0165ami, medzi ktor\u00fdmi nech\u00fdbaj\u00fa John Scofield, Art Farmer, Lee Konitz, John Abercrombie, Garry Bartz, Eddie Henderson, Larry Koonze, Harvie Swartz, Cameron Brown, Jean Paul Bourelly, Bennie Wallace, Hamiet Bluiett, James Newton \u010di dokonca Robert Plant. V\u00fdznamnou kapitolou v jeho kari\u00e9re bola aj dlhoro\u010dn\u00e1 spolupr\u00e1ca s hus\u013eov\u00fdm virtu\u00f3zom Nigelom Kennedym. Adam je tie\u017e akt\u00edvnym pedag\u00f3gom \u2013 vedie jazzov\u00e9 workshopy a buben\u00edcke kliniky, p\u00f4sob\u00ed ako l\u00edder vlastn\u00fdch projektov a od roku 1995 je zakladate\u013eom a spoluorganiz\u00e1torom prest\u00ed\u017eneho festivalu \u201eJazz w Lesie\u201c, ktor\u00fd patr\u00ed medzi najd\u00f4le\u017eitej\u0161ie jazzov\u00e9 podujatia v Po\u013esku. Od roku 2018 sa venuje aj produkcii vinylov\u00fdch platn\u00ed. Jeho zna\u010dka ACRecords je zn\u00e1ma anal\u00f3gov\u00fdmi nahr\u00e1vkami vo vysokej kvalite a patr\u00ed medzi \u0161pi\u010dku High End vydavate\u013estiev.<\/p>\n<p><!-- \/wp:paragraph --><\/p>\t\t\t\t\t\t<\/div>\n\t\t\t\t<\/div>\n\t\t\t\t\t<\/div>\n\t\t<\/div>\n\t\t\t\t\t<\/div>\n\t\t<\/section>\n\t\t\t\t<section class=\"elementor-section elementor-top-section elementor-element elementor-element-33b5d17 elementor-section-boxed elementor-section-height-default elementor-section-height-default\" data-id=\"33b5d17\" data-element_type=\"section\">\n\t\t\t\t\t\t<div class=\"elementor-container elementor-column-gap-default\">\n\t\t\t\t\t<div class=\"elementor-column elementor-col-100 elementor-top-column elementor-element elementor-element-70f61d0\" data-id=\"70f61d0\" data-element_type=\"column\">\n\t\t\t<div class=\"elementor-widget-wrap\">\n\t\t\t\t\t\t\t<\/div>\n\t\t<\/div>\n\t\t\t\t\t<\/div>\n\t\t<\/section>\n\t\t\t\t<section class=\"elementor-section elementor-top-section elementor-element elementor-element-8b989cd elementor-section-boxed elementor-section-height-default elementor-section-height-default\" data-id=\"8b989cd\" data-element_type=\"section\">\n\t\t\t\t\t\t<div class=\"elementor-container elementor-column-gap-default\">\n\t\t\t\t\t<div class=\"elementor-column elementor-col-100 elementor-top-column elementor-element elementor-element-0c5dd50\" data-id=\"0c5dd50\" data-element_type=\"column\">\n\t\t\t<div class=\"elementor-widget-wrap elementor-element-populated\">\n\t\t\t\t\t\t<div class=\"elementor-element elementor-element-31e1ae1 elementor-widget elementor-widget-video\" data-id=\"31e1ae1\" data-element_type=\"widget\" data-settings=\"{&quot;youtube_url&quot;:&quot;https:\\\/\\\/www.youtube.com\\\/watch?v=1ygHOduFx0s&quot;,&quot;video_type&quot;:&quot;youtube&quot;,&quot;controls&quot;:&quot;yes&quot;}\" data-widget_type=\"video.default\">\n\t\t\t\t<div class=\"elementor-widget-container\">\n\t\t\t\t\t<div class=\"elementor-wrapper elementor-open-inline\">\n\t\t\t<div class=\"elementor-video\"><\/div>\t\t<\/div>\n\t\t\t\t<\/div>\n\t\t\t\t<\/div>\n\t\t\t\t<div class=\"elementor-element elementor-element-25c39d4 elementor-widget elementor-widget-image\" data-id=\"25c39d4\" data-element_type=\"widget\" data-widget_type=\"image.default\">\n\t\t\t\t<div class=\"elementor-widget-container\">\n\t\t\t\t\t\t\t\t\t\t\t\t\t<img fetchpriority=\"high\" decoding=\"async\" width=\"640\" height=\"736\" src=\"https:\/\/www.jazzpresov.sk\/wp-content\/uploads\/2025\/09\/Adam-fota-z-Custom-768x883.jpeg\" class=\"attachment-medium_large size-medium_large wp-image-1783\" alt=\"\" srcset=\"https:\/\/www.jazzpresov.sk\/wp-content\/uploads\/2025\/09\/Adam-fota-z-Custom-768x883.jpeg 768w, https:\/\/www.jazzpresov.sk\/wp-content\/uploads\/2025\/09\/Adam-fota-z-Custom-261x300.jpeg 261w, https:\/\/www.jazzpresov.sk\/wp-content\/uploads\/2025\/09\/Adam-fota-z-Custom-890x1024.jpeg 890w, https:\/\/www.jazzpresov.sk\/wp-content\/uploads\/2025\/09\/Adam-fota-z-Custom.jpeg 960w\" sizes=\"(max-width: 640px) 100vw, 640px\" \/>\t\t\t\t\t\t\t\t\t\t\t\t\t<\/div>\n\t\t\t\t<\/div>\n\t\t\t\t\t<\/div>\n\t\t<\/div>\n\t\t\t\t\t<\/div>\n\t\t<\/section>\n\t\t\t\t<\/div>\n\t\t","protected":false},"excerpt":{"rendered":"<p>\u0160tvrtok 23.10.2025, PKO \u2013 \u010cierny orol Organic Generation je energick\u00e9 organ trio, ktor\u00e9 na festivale predstav\u00ed album \u201eOrganic Generation\u201c. Ich hudba je origin\u00e1lnou zmesou autorsk\u00fdch kompoz\u00edci\u00ed a nieko\u013ek\u00fdch jazzov\u00fdch \u0161tandardov. Zvuk je funky, \u017eiv\u00fd a nabit\u00fd energiou, no z\u00e1rove\u0148 pripom\u00edna, \u017ee ich korene st\u00e1le patria k \u201eskuto\u010dnej\u201c, akustickej hudbe s n\u00e1dychom funky a swingov\u00fdch vplyvov. [&hellip;]<\/p>\n","protected":false},"author":2,"featured_media":0,"parent":0,"menu_order":0,"comment_status":"closed","ping_status":"closed","template":"","meta":{"footnotes":""},"class_list":["post-1836","page","type-page","status-publish","hentry"],"_links":{"self":[{"href":"https:\/\/www.jazzpresov.sk\/index.php\/wp-json\/wp\/v2\/pages\/1836"}],"collection":[{"href":"https:\/\/www.jazzpresov.sk\/index.php\/wp-json\/wp\/v2\/pages"}],"about":[{"href":"https:\/\/www.jazzpresov.sk\/index.php\/wp-json\/wp\/v2\/types\/page"}],"author":[{"embeddable":true,"href":"https:\/\/www.jazzpresov.sk\/index.php\/wp-json\/wp\/v2\/users\/2"}],"replies":[{"embeddable":true,"href":"https:\/\/www.jazzpresov.sk\/index.php\/wp-json\/wp\/v2\/comments?post=1836"}],"version-history":[{"count":10,"href":"https:\/\/www.jazzpresov.sk\/index.php\/wp-json\/wp\/v2\/pages\/1836\/revisions"}],"predecessor-version":[{"id":1877,"href":"https:\/\/www.jazzpresov.sk\/index.php\/wp-json\/wp\/v2\/pages\/1836\/revisions\/1877"}],"wp:attachment":[{"href":"https:\/\/www.jazzpresov.sk\/index.php\/wp-json\/wp\/v2\/media?parent=1836"}],"curies":[{"name":"wp","href":"https:\/\/api.w.org\/{rel}","templated":true}]}}

<div data-elementor-type="wp-page" data-elementor-id="1836" class="elementor elementor-1836">
						<section class="elementor-section elementor-top-section elementor-element elementor-element-41cd9774 elementor-section-boxed elementor-section-height-default elementor-section-height-default" data-id="41cd9774" data-element_type="section">
						<div class="elementor-container elementor-column-gap-default">
					<div class="elementor-column elementor-col-100 elementor-top-column elementor-element elementor-element-6096f11b" data-id="6096f11b" data-element_type="column">
			<div class="elementor-widget-wrap elementor-element-populated">
						<div class="elementor-element elementor-element-86a0997 elementor-widget elementor-widget-text-editor" data-id="86a0997" data-element_type="widget" data-widget_type="text-editor.default">
				<div class="elementor-widget-container">
							<p><!-- wp:paragraph --></p>
<p>Štvrtok 23.10.2025, PKO – Čierny orol</p>
<p>Organic Generation je energické organ trio, ktoré na festivale predstaví album <em>„Organic Generation“</em>. Ich hudba je originálnou zmesou autorských kompozícií a niekoľkých jazzových štandardov. Zvuk je funky, živý a nabitý energiou, no zároveň pripomína, že ich korene stále patria k „skutočnej“, akustickej hudbe s nádychom funky a swingových vplyvov.</p>
<p><!-- /wp:paragraph --><!-- wp:paragraph --></p>
<p>Za bicími stojí Adam Czerwiński – jeden z najvýraznejších bubeníkov poľskej jazzovej scény, skladateľ, aranžér a producent. Počas svojej kariéry hral a nahrával s mnohými svetovými osobnosťami, medzi ktorými nechýbajú John Scofield, Art Farmer, Lee Konitz, John Abercrombie, Garry Bartz, Eddie Henderson, Larry Koonze, Harvie Swartz, Cameron Brown, Jean Paul Bourelly, Bennie Wallace, Hamiet Bluiett, James Newton či dokonca Robert Plant. Významnou kapitolou v jeho kariére bola aj dlhoročná spolupráca s husľovým virtuózom Nigelom Kennedym. Adam je tiež aktívnym pedagógom – vedie jazzové workshopy a bubenícke kliniky, pôsobí ako líder vlastných projektov a od roku 1995 je zakladateľom a spoluorganizátorom prestížneho festivalu „Jazz w Lesie“, ktorý patrí medzi najdôležitejšie jazzové podujatia v Poľsku. Od roku 2018 sa venuje aj produkcii vinylových platní. Jeho značka ACRecords je známa analógovými nahrávkami vo vysokej kvalite a patrí medzi špičku High End vydavateľstiev.</p>
<p><!-- /wp:paragraph --></p>						</div>
				</div>
					</div>
		</div>
					</div>
		</section>
				<section class="elementor-section elementor-top-section elementor-element elementor-element-33b5d17 elementor-section-boxed elementor-section-height-default elementor-section-height-default" data-id="33b5d17" data-element_type="section">
						<div class="elementor-container elementor-column-gap-default">
					<div class="elementor-column elementor-col-100 elementor-top-column elementor-element elementor-element-70f61d0" data-id="70f61d0" data-element_type="column">
			<div class="elementor-widget-wrap">
							</div>
		</div>
					</div>
		</section>
				<section class="elementor-section elementor-top-section elementor-element elementor-element-8b989cd elementor-section-boxed elementor-section-height-default elementor-section-height-default" data-id="8b989cd" data-element_type="section">
						<div class="elementor-container elementor-column-gap-default">
					<div class="elementor-column elementor-col-100 elementor-top-column elementor-element elementor-element-0c5dd50" data-id="0c5dd50" data-element_type="column">
			<div class="elementor-widget-wrap elementor-element-populated">
						<div class="elementor-element elementor-element-31e1ae1 elementor-widget elementor-widget-video" data-id="31e1ae1" data-element_type="widget" data-settings="{&quot;youtube_url&quot;:&quot;https:\/\/www.youtube.com\/watch?v=1ygHOduFx0s&quot;,&quot;video_type&quot;:&quot;youtube&quot;,&quot;controls&quot;:&quot;yes&quot;}" data-widget_type="video.default">
				<div class="elementor-widget-container">
					<div class="elementor-wrapper elementor-open-inline">
			<div class="elementor-video"></div>		</div>
				</div>
				</div>
				<div class="elementor-element elementor-element-25c39d4 elementor-widget elementor-widget-image" data-id="25c39d4" data-element_type="widget" data-widget_type="image.default">
				<div class="elementor-widget-container">
													<img fetchpriority="high" decoding="async" width="640" height="736" src="https://www.jazzpresov.sk/wp-content/uploads/2025/09/Adam-fota-z-Custom-768x883.jpeg" class="attachment-medium_large size-medium_large wp-image-1783" alt="" srcset="https://www.jazzpresov.sk/wp-content/uploads/2025/09/Adam-fota-z-Custom-768x883.jpeg 768w, https://www.jazzpresov.sk/wp-content/uploads/2025/09/Adam-fota-z-Custom-261x300.jpeg 261w, https://www.jazzpresov.sk/wp-content/uploads/2025/09/Adam-fota-z-Custom-890x1024.jpeg 890w, https://www.jazzpresov.sk/wp-content/uploads/2025/09/Adam-fota-z-Custom.jpeg 960w" sizes="(max-width: 640px) 100vw, 640px" />													</div>
				</div>
					</div>
		</div>
					</div>
		</section>
				</div>

<p>Štvrtok 23.10.2025, PKO – Čierny orol Organic Generation je energické organ trio, ktoré na festivale predstaví album „Organic Generation“. Ich hudba je originálnou zmesou autorských kompozícií a niekoľkých jazzových štandardov. Zvuk je funky, živý a nabitý energiou, no zároveň pripomína, že ich korene stále patria k „skutočnej“, akustickej hudbe s nádychom funky a swingových vplyvov. [&hellip;]</p>
