{"id":1684,"date":"2024-10-08T06:40:42","date_gmt":"2024-10-08T04:40:42","guid":{"rendered":"http:\/\/www.jazzpresov.sk\/?page_id=1684"},"modified":"2024-10-14T20:57:11","modified_gmt":"2024-10-14T18:57:11","slug":"rudy-linka","status":"publish","type":"page","link":"https:\/\/www.jazzpresov.sk\/index.php\/rudy-linka\/","title":{"rendered":"DUO RUDY LINKA &#038; GIL GOLDSTEIN \/SK\/"},"content":{"rendered":"\t\t<div data-elementor-type=\"wp-page\" data-elementor-id=\"1684\" class=\"elementor elementor-1684\">\n\t\t\t\t\t\t<section class=\"elementor-section elementor-inner-section elementor-element elementor-element-fe650c0 elementor-section-boxed elementor-section-height-default elementor-section-height-default\" data-id=\"fe650c0\" data-element_type=\"section\">\n\t\t\t\t\t\t<div class=\"elementor-container elementor-column-gap-default\">\n\t\t\t\t\t<div class=\"elementor-column elementor-col-100 elementor-inner-column elementor-element elementor-element-09a7b95\" data-id=\"09a7b95\" data-element_type=\"column\">\n\t\t\t<div class=\"elementor-widget-wrap elementor-element-populated\">\n\t\t\t\t\t\t<div class=\"elementor-element elementor-element-a54314a elementor-widget elementor-widget-heading\" data-id=\"a54314a\" data-element_type=\"widget\" data-widget_type=\"heading.default\">\n\t\t\t\t<div class=\"elementor-widget-container\">\n\t\t\t<h2 class=\"elementor-heading-title elementor-size-default\">DUO RUDY LINKA &amp; GIL GOLDSTEIN \/SK\/<\/h2>\t\t<\/div>\n\t\t\t\t<\/div>\n\t\t\t\t<div class=\"elementor-element elementor-element-cb6686c elementor-widget elementor-widget-text-editor\" data-id=\"cb6686c\" data-element_type=\"widget\" data-widget_type=\"text-editor.default\">\n\t\t\t\t<div class=\"elementor-widget-container\">\n\t\t\t\t\t\t\t<p>&#8222;JUST BETWEEN US&#8220; je hudobn\u00fd dial\u00f3g dvoch majstrovsk\u00fdch hudobn\u00edkov, ktor\u00fdm netreba predstavova\u0165 svet improvizovanej hudby, kde sa jazz, klasika a \u013eudov\u00e1 hudba mie\u0161aj\u00fa s dokonal\u00fdm citom pre mel\u00f3diu a rytmus.\u201c JazzPodium.<\/p><p>Rudy Linka, nar. 1960, Praha, \u010cR, je jazzov\u00fd gitarista a skladate\u013e. V roku 1980 utiekol z komunistick\u00e9ho \u010ceskoslovenska do \u0160v\u00e9dska a v roku 1985 z\u00edskal prest\u00ed\u017ene \u0161tipendium Jima Halla na Berklee College of Music v Bostone a o rok nesk\u00f4r na The New School v New Yorku. Rudy vystupoval\/nahr\u00e1val s Johnom Scofieldom, Paulom Motionom, Jonom Batisteom a \u010dasopis Down Beat ho zvolil za jedn\u00e9ho z 10 najlep\u0161\u00edch jazzov\u00fdch gitaristov.<\/p><p>Gil Goldstein, naroden\u00fd v roku 1950 v Baltimore, USA, je jazzov\u00fd klavirista, skladate\u013e a aran\u017e\u00e9r. Z\u00edskal p\u00e4\u0165 cien Grammy a osemkr\u00e1t bol nominovan\u00fd. \u0160tudoval na Berklee College of Music v Bostone a na University of Miami. Od roku 1973 Gil vystupuje s legend\u00e1rnym Patom Martinom a Lee Konitzom. V 80. rokoch bol aran\u017e\u00e9rom pre legend\u00e1rny Gil Evans Orchestra a spolupracoval s Milesom Davisom, Wayneom Shorterom, Billym Cobhamom, Jimom Hallom, Patom Methenym a mnoh\u00fdmi \u010fal\u0161\u00edmi.<\/p><p>Rudy Linka &#8211; gitara<br \/>Gil Goldstein &#8211; klav\u00edr<\/p><p><a href=\"https:\/\/www.rudylinka.com\">www.rudylinka.com<\/a><\/p><p>\u00a0<\/p>\t\t\t\t\t\t<\/div>\n\t\t\t\t<\/div>\n\t\t\t\t<div class=\"elementor-element elementor-element-5e41806 elementor-widget elementor-widget-image-gallery\" data-id=\"5e41806\" data-element_type=\"widget\" data-widget_type=\"image-gallery.default\">\n\t\t\t\t<div class=\"elementor-widget-container\">\n\t\t\t\t\t<div class=\"elementor-image-gallery\">\n\t\t\t<div id='gallery-1' class='gallery galleryid-1684 gallery-columns-1 gallery-size-large'><figure class='gallery-item'>\n\t\t\t<div class='gallery-icon portrait'>\n\t\t\t\t<a data-elementor-open-lightbox=\"yes\" data-elementor-lightbox-slideshow=\"5e41806\" data-elementor-lightbox-title=\"372\" data-e-action-hash=\"#elementor-action%3Aaction%3Dlightbox%26settings%3DeyJpZCI6MTY3MywidXJsIjoiaHR0cHM6XC9cL3d3dy5qYXp6cHJlc292LnNrXC93cC1jb250ZW50XC91cGxvYWRzXC8yMDI0XC8xMFwvMzcyLmpwZyIsInNsaWRlc2hvdyI6IjVlNDE4MDYifQ%3D%3D\" href='https:\/\/www.jazzpresov.sk\/wp-content\/uploads\/2024\/10\/372.jpg'><img fetchpriority=\"high\" decoding=\"async\" width=\"640\" height=\"960\" src=\"https:\/\/www.jazzpresov.sk\/wp-content\/uploads\/2024\/10\/372.jpg\" class=\"attachment-large size-large\" alt=\"\" \/><\/a>\n\t\t\t<\/div><\/figure><figure class='gallery-item'>\n\t\t\t<div class='gallery-icon landscape'>\n\t\t\t\t<a data-elementor-open-lightbox=\"yes\" data-elementor-lightbox-slideshow=\"5e41806\" data-elementor-lightbox-title=\"Gil Goldstein_9276_by John Abbott copy (1) (1) (1)\" data-e-action-hash=\"#elementor-action%3Aaction%3Dlightbox%26settings%3DeyJpZCI6MTY3NCwidXJsIjoiaHR0cHM6XC9cL3d3dy5qYXp6cHJlc292LnNrXC93cC1jb250ZW50XC91cGxvYWRzXC8yMDI0XC8xMFwvR2lsLUdvbGRzdGVpbl85Mjc2X2J5LUpvaG4tQWJib3R0LWNvcHktMS0xLTEuanBnIiwic2xpZGVzaG93IjoiNWU0MTgwNiJ9\" href='https:\/\/www.jazzpresov.sk\/wp-content\/uploads\/2024\/10\/Gil-Goldstein_9276_by-John-Abbott-copy-1-1-1.jpg'><img decoding=\"async\" width=\"640\" height=\"427\" src=\"https:\/\/www.jazzpresov.sk\/wp-content\/uploads\/2024\/10\/Gil-Goldstein_9276_by-John-Abbott-copy-1-1-1.jpg\" class=\"attachment-large size-large\" alt=\"\" \/><\/a>\n\t\t\t<\/div><\/figure>\n\t\t<\/div>\n\t\t<\/div>\n\t\t\t\t<\/div>\n\t\t\t\t<\/div>\n\t\t\t\t<div class=\"elementor-element elementor-element-d8e66e9 elementor-widget elementor-widget-video\" data-id=\"d8e66e9\" data-element_type=\"widget\" data-settings=\"{&quot;youtube_url&quot;:&quot;https:\\\/\\\/www.youtube.com\\\/watch?v=Njld7nZCXDU&amp;t=6s&quot;,&quot;video_type&quot;:&quot;youtube&quot;,&quot;controls&quot;:&quot;yes&quot;}\" data-widget_type=\"video.default\">\n\t\t\t\t<div class=\"elementor-widget-container\">\n\t\t\t\t\t<div class=\"elementor-wrapper elementor-open-inline\">\n\t\t\t<div class=\"elementor-video\"><\/div>\t\t<\/div>\n\t\t\t\t<\/div>\n\t\t\t\t<\/div>\n\t\t\t\t\t<\/div>\n\t\t<\/div>\n\t\t\t\t\t<\/div>\n\t\t<\/section>\n\t\t\t\t<\/div>\n\t\t","protected":false},"excerpt":{"rendered":"<p>DUO RUDY LINKA &#038; GIL GOLDSTEIN \/SK\/ &#8222;JUST BETWEEN US&#8220; je hudobn\u00fd dial\u00f3g dvoch majstrovsk\u00fdch hudobn\u00edkov, ktor\u00fdm netreba predstavova\u0165 svet improvizovanej hudby, kde sa jazz, klasika a \u013eudov\u00e1 hudba mie\u0161aj\u00fa s dokonal\u00fdm citom pre mel\u00f3diu a rytmus.\u201c JazzPodium. Rudy Linka, nar. 1960, Praha, \u010cR, je jazzov\u00fd gitarista a skladate\u013e. V roku 1980 utiekol z komunistick\u00e9ho [&hellip;]<\/p>\n","protected":false},"author":1,"featured_media":0,"parent":0,"menu_order":0,"comment_status":"closed","ping_status":"closed","template":"elementor_header_footer","meta":{"footnotes":""},"class_list":["post-1684","page","type-page","status-publish","hentry"],"_links":{"self":[{"href":"https:\/\/www.jazzpresov.sk\/index.php\/wp-json\/wp\/v2\/pages\/1684"}],"collection":[{"href":"https:\/\/www.jazzpresov.sk\/index.php\/wp-json\/wp\/v2\/pages"}],"about":[{"href":"https:\/\/www.jazzpresov.sk\/index.php\/wp-json\/wp\/v2\/types\/page"}],"author":[{"embeddable":true,"href":"https:\/\/www.jazzpresov.sk\/index.php\/wp-json\/wp\/v2\/users\/1"}],"replies":[{"embeddable":true,"href":"https:\/\/www.jazzpresov.sk\/index.php\/wp-json\/wp\/v2\/comments?post=1684"}],"version-history":[{"count":11,"href":"https:\/\/www.jazzpresov.sk\/index.php\/wp-json\/wp\/v2\/pages\/1684\/revisions"}],"predecessor-version":[{"id":1755,"href":"https:\/\/www.jazzpresov.sk\/index.php\/wp-json\/wp\/v2\/pages\/1684\/revisions\/1755"}],"wp:attachment":[{"href":"https:\/\/www.jazzpresov.sk\/index.php\/wp-json\/wp\/v2\/media?parent=1684"}],"curies":[{"name":"wp","href":"https:\/\/api.w.org\/{rel}","templated":true}]}}