{"id":1271,"date":"2022-10-09T13:29:40","date_gmt":"2022-10-09T11:29:40","guid":{"rendered":"http:\/\/www.jazzpresov.sk\/?page_id=1271"},"modified":"2022-10-10T00:11:56","modified_gmt":"2022-10-09T22:11:56","slug":"skdk-dama-young-session","status":"publish","type":"page","link":"https:\/\/www.jazzpresov.sk\/index.php\/skdk-dama-young-session\/","title":{"rendered":"SKDK &#038; DAMA YOUNG SESSION"},"content":{"rendered":"\t\t<div data-elementor-type=\"wp-post\" data-elementor-id=\"1271\" class=\"elementor elementor-1271\">\n\t\t\t\t\t\t<section class=\"elementor-section elementor-top-section elementor-element elementor-element-4ca615a elementor-section-boxed elementor-section-height-default elementor-section-height-default\" data-id=\"4ca615a\" data-element_type=\"section\">\n\t\t\t\t\t\t<div class=\"elementor-container elementor-column-gap-default\">\n\t\t\t\t\t<div class=\"elementor-column elementor-col-100 elementor-top-column elementor-element elementor-element-a748061\" data-id=\"a748061\" data-element_type=\"column\">\n\t\t\t<div class=\"elementor-widget-wrap elementor-element-populated\">\n\t\t\t\t\t\t<section class=\"elementor-section elementor-inner-section elementor-element elementor-element-e0e8e61 elementor-section-boxed elementor-section-height-default elementor-section-height-default\" data-id=\"e0e8e61\" data-element_type=\"section\">\n\t\t\t\t\t\t<div class=\"elementor-container elementor-column-gap-default\">\n\t\t\t\t\t<div class=\"elementor-column elementor-col-100 elementor-inner-column elementor-element elementor-element-4263320\" data-id=\"4263320\" data-element_type=\"column\">\n\t\t\t<div class=\"elementor-widget-wrap elementor-element-populated\">\n\t\t\t\t\t\t<div class=\"elementor-element elementor-element-f0ac00a elementor-widget elementor-widget-heading\" data-id=\"f0ac00a\" data-element_type=\"widget\" data-widget_type=\"heading.default\">\n\t\t\t\t<div class=\"elementor-widget-container\">\n\t\t\t<h2 class=\"elementor-heading-title elementor-size-default\">SKDK &amp; DAMA YOUNG SESSION \/SK\/<\/h2>\t\t<\/div>\n\t\t\t\t<\/div>\n\t\t\t\t<div class=\"elementor-element elementor-element-c9c2a2f elementor-widget elementor-widget-text-editor\" data-id=\"c9c2a2f\" data-element_type=\"widget\" data-widget_type=\"text-editor.default\">\n\t\t\t\t<div class=\"elementor-widget-container\">\n\t\t\t\t\t\t\t<p>Unik\u00e1tne spojenie bud\u00facich umelcov, ktor\u00ed sa venuj\u00fa \u0161t\u00fadiu hudby so zameran\u00edm na jazz a pr\u00edbuzn\u00e9 \u017e\u00e1nre. S\u00fakromn\u00e1 ZU\u0160 DAMA u\u017e nieko\u013eko rokov vychov\u00e1va mlad\u00fdch jazzmanov v r\u00e1mci jazzov\u00e9ho oddelenia, ktor\u00e9 funguje v Pre\u0161ove u\u017e od roku 1996.<\/p><p>Je preto\u00a0 prirodzen\u00e9, \u017ee S\u00fakromne Konzervat\u00f3rium Dezidera Kardo\u0161a sa rozhodlo vytvori\u0165 mo\u017enosti pokra\u010dova\u0165 v \u0161t\u00fadiu v r\u00e1mci novovytvorenej jazzovej \u0161pecializ\u00e1cie tamoj\u0161ieho hudobn\u00e9ho oddelenia. Festival Jazz Pre\u0161ov r\u00e1d vytvor\u00ed\u00a0 priestor mlad\u00fdm talentom, ktor\u00ed v sebe maj\u00fa potenci\u00e1l udr\u017eiava\u0165 jazzov\u00fa trad\u00edciu v Pre\u0161ove. \u0160tudenti oboch \u0161k\u00f4l sa v\u00e1m predstavia so svojim programom \u00favodom druh\u00e9ho festivalov\u00e9ho ve\u010dera.<\/p><p><a href=\"https:\/\/www.szusdama.sk\/\" target=\"_blank\" rel=\"noopener\">www.szusdama.sk<\/a><\/p><p><a href=\"https:\/\/www.skdkpo.sk\/\">www.skdkpo.sk\/<\/a><\/p>\t\t\t\t\t\t<\/div>\n\t\t\t\t<\/div>\n\t\t\t\t<div class=\"elementor-element elementor-element-e5b0d3b elementor-widget elementor-widget-image-gallery\" data-id=\"e5b0d3b\" data-element_type=\"widget\" data-widget_type=\"image-gallery.default\">\n\t\t\t\t<div class=\"elementor-widget-container\">\n\t\t\t\t\t<div class=\"elementor-image-gallery\">\n\t\t\t<div id='gallery-1' class='gallery galleryid-1271 gallery-columns-1 gallery-size-musican-featured'><figure class='gallery-item'>\n\t\t\t<div class='gallery-icon landscape'>\n\t\t\t\t<a data-elementor-open-lightbox=\"yes\" data-elementor-lightbox-slideshow=\"e5b0d3b\" data-elementor-lightbox-title=\"ifx1d5b62a8d1850dd3_Zelene_logo_stvorec_v_bielom222\" data-e-action-hash=\"#elementor-action%3Aaction%3Dlightbox%26settings%3DeyJpZCI6MTMxMiwidXJsIjoiaHR0cHM6XC9cL3d3dy5qYXp6cHJlc292LnNrXC93cC1jb250ZW50XC91cGxvYWRzXC8yMDIyXC8xMFwvaWZ4MWQ1YjYyYThkMTg1MGRkM19aZWxlbmVfbG9nb19zdHZvcmVjX3ZfYmllbG9tMjIyLmpwZyIsInNsaWRlc2hvdyI6ImU1YjBkM2IifQ%3D%3D\" href='https:\/\/www.jazzpresov.sk\/wp-content\/uploads\/2022\/10\/ifx1d5b62a8d1850dd3_Zelene_logo_stvorec_v_bielom222.jpg'><img fetchpriority=\"high\" decoding=\"async\" width=\"536\" height=\"480\" src=\"https:\/\/www.jazzpresov.sk\/wp-content\/uploads\/2022\/10\/ifx1d5b62a8d1850dd3_Zelene_logo_stvorec_v_bielom222.jpg\" class=\"attachment-musican-featured size-musican-featured\" alt=\"\" \/><\/a>\n\t\t\t<\/div><\/figure><figure class='gallery-item'>\n\t\t\t<div class='gallery-icon portrait'>\n\t\t\t\t<a data-elementor-open-lightbox=\"yes\" data-elementor-lightbox-slideshow=\"e5b0d3b\" data-elementor-lightbox-title=\"Konzervtorium_dezidera_kardosa_logo\" data-e-action-hash=\"#elementor-action%3Aaction%3Dlightbox%26settings%3DeyJpZCI6MTMxMywidXJsIjoiaHR0cHM6XC9cL3d3dy5qYXp6cHJlc292LnNrXC93cC1jb250ZW50XC91cGxvYWRzXC8yMDIyXC8xMFwvS29uemVydnRvcml1bV9kZXppZGVyYV9rYXJkb3NhX2xvZ28ucG5nIiwic2xpZGVzaG93IjoiZTViMGQzYiJ9\" href='https:\/\/www.jazzpresov.sk\/wp-content\/uploads\/2022\/10\/Konzervtorium_dezidera_kardosa_logo.png'><img decoding=\"async\" width=\"339\" height=\"480\" src=\"https:\/\/www.jazzpresov.sk\/wp-content\/uploads\/2022\/10\/Konzervtorium_dezidera_kardosa_logo.png\" class=\"attachment-musican-featured size-musican-featured\" alt=\"\" \/><\/a>\n\t\t\t<\/div><\/figure>\n\t\t<\/div>\n\t\t<\/div>\n\t\t\t\t<\/div>\n\t\t\t\t<\/div>\n\t\t\t\t\t<\/div>\n\t\t<\/div>\n\t\t\t\t\t<\/div>\n\t\t<\/section>\n\t\t\t\t\t<\/div>\n\t\t<\/div>\n\t\t\t\t\t<\/div>\n\t\t<\/section>\n\t\t\t\t<\/div>\n\t\t","protected":false},"excerpt":{"rendered":"<p>SKDK &#038; DAMA YOUNG SESSION \/SK\/ Unik\u00e1tne spojenie bud\u00facich umelcov, ktor\u00ed sa venuj\u00fa \u0161t\u00fadiu hudby so zameran\u00edm na jazz a pr\u00edbuzn\u00e9 \u017e\u00e1nre. S\u00fakromn\u00e1 ZU\u0160 DAMA u\u017e nieko\u013eko rokov vychov\u00e1va mlad\u00fdch jazzmanov v r\u00e1mci jazzov\u00e9ho oddelenia, ktor\u00e9 funguje v Pre\u0161ove u\u017e od roku 1996. Je preto\u00a0 prirodzen\u00e9, \u017ee S\u00fakromne Konzervat\u00f3rium Dezidera Kardo\u0161a sa rozhodlo vytvori\u0165 mo\u017enosti [&hellip;]<\/p>\n","protected":false},"author":1,"featured_media":0,"parent":0,"menu_order":0,"comment_status":"closed","ping_status":"closed","template":"elementor_header_footer","meta":{"footnotes":""},"class_list":["post-1271","page","type-page","status-publish","hentry"],"_links":{"self":[{"href":"https:\/\/www.jazzpresov.sk\/index.php\/wp-json\/wp\/v2\/pages\/1271"}],"collection":[{"href":"https:\/\/www.jazzpresov.sk\/index.php\/wp-json\/wp\/v2\/pages"}],"about":[{"href":"https:\/\/www.jazzpresov.sk\/index.php\/wp-json\/wp\/v2\/types\/page"}],"author":[{"embeddable":true,"href":"https:\/\/www.jazzpresov.sk\/index.php\/wp-json\/wp\/v2\/users\/1"}],"replies":[{"embeddable":true,"href":"https:\/\/www.jazzpresov.sk\/index.php\/wp-json\/wp\/v2\/comments?post=1271"}],"version-history":[{"count":2,"href":"https:\/\/www.jazzpresov.sk\/index.php\/wp-json\/wp\/v2\/pages\/1271\/revisions"}],"predecessor-version":[{"id":1314,"href":"https:\/\/www.jazzpresov.sk\/index.php\/wp-json\/wp\/v2\/pages\/1271\/revisions\/1314"}],"wp:attachment":[{"href":"https:\/\/www.jazzpresov.sk\/index.php\/wp-json\/wp\/v2\/media?parent=1271"}],"curies":[{"name":"wp","href":"https:\/\/api.w.org\/{rel}","templated":true}]}}